{"id":963,"date":"2017-07-14T11:19:17","date_gmt":"2017-07-14T08:19:17","guid":{"rendered":"http:\/\/matematikchi.net\/klon\/?page_id=963"},"modified":"2024-05-28T22:34:36","modified_gmt":"2024-05-28T19:34:36","slug":"dort-islem-sorulari","status":"publish","type":"page","link":"https:\/\/matematikchi.net\/klon\/dort-islem-sorulari\/","title":{"rendered":"D\u00f6rt \u0130\u015flem Sorular\u0131"},"content":{"rendered":"<p><strong><span style=\"color: #800080; font-family: 'comic sans ms', sans-serif; font-size: 18pt;\">\u00a0\u00a0<span style=\"text-decoration: underline; color: #0000ff;\">Kim Ne Yapmal\u0131:<\/span><\/span><\/strong><\/p>\n<p><span style=\"font-family: arial, helvetica, sans-serif;\"><strong><span style=\"color: #ff0000;\"><span style=\"font-size: 14pt;\">Matemati\u011fim pek de iyi de\u011fil diyenler :<\/span><\/span><\/strong><\/span><\/p>\n<p><span style=\"font-family: arial, helvetica, sans-serif;\"><strong><span style=\"color: #ff0000;\"><span style=\"color: #000000;\">Konu testlerinden zorluk derecesi\u00a0<span style=\"color: #008000;\">Kolay<\/span>\u00a0olan testlerden \u00e7\u00f6z. \u0130yi hissedersen\u00a0<span style=\"color: #0000ff;\">Orta<\/span>\u00a0testlere ge\u00e7. Yapamad\u0131\u011f\u0131n sorular i\u00e7in videolar\u0131n\u0131 seyret. Sonra bir de mutlaka sen \u00e7\u00f6z. Testi istersen yaz\u0131c\u0131dan basabilirsin. Bunlar\u0131 yaparsan \u00f6\u011frenmemen imkans\u0131z.<\/span><\/span><\/strong><\/span><\/p>\n<p><strong><span style=\"color: #ff0000; font-family: arial, helvetica, sans-serif;\"><span style=\"color: #ff0000;\"><span style=\"font-size: 14pt;\">Matemati\u011fim ortalama veya iyidir diyenler :<\/span>\u00a0<\/span><\/span><\/strong><\/p>\n<p><strong><span style=\"color: #ff0000; font-family: arial, helvetica, sans-serif;\"><span style=\"color: #ff0000;\"><span style=\"color: #000000;\">Konu testlerinden zorluk derecesi\u00a0<\/span><span style=\"color: #000000;\"><span style=\"color: #0000ff;\">Orta<\/span>\u00a0olan testlerden \u00e7\u00f6z. \u0130yi hissedersen\u00a0<span style=\"color: #ff0000;\">Zor<\/span>\u00a0testlere ge\u00e7.\u00a0Yapamad\u0131\u011f\u0131n sorular i\u00e7in videolar\u0131n\u0131 seyret. Sonra bir de mutlaka sen \u00e7\u00f6z. Testi istersen yaz\u0131c\u0131dan basabilirsin. Bunlar\u0131 yaparsan \u00f6\u011frenmemen imkans\u0131z.<\/span><\/span><\/span><\/strong><\/p>\n<p><span style=\"text-decoration: underline;\"><strong><span style=\"font-size: 14pt; color: #800080;\"><span style=\"font-family: 'comic sans ms', sans-serif;\">KONU \u0130LE \u0130LG\u0130L\u0130 TESTLER<\/span><\/span><\/strong><\/span><\/p>\n<table class=\"aligncenter\" style=\"background-color: #bccae0; width: 800px;\" border=\"3\">\n<tbody>\n<tr style=\"height: 24px;\">\n<td style=\"height: 24px; width: 27px;\"><strong><span style=\"font-size: 12pt;\"><span style=\"font-family: 'comic sans ms', sans-serif;\">\u00a0<\/span><\/span><\/strong><\/td>\n<td style=\"text-align: center; height: 24px; width: 98px;\"><span style=\"font-family: 'comic sans ms', sans-serif; color: #800080;\"><strong><span style=\"font-size: 12pt;\">Konu<\/span><\/strong><\/span><\/td>\n<td style=\"text-align: center; height: 24px; width: 305px;\"><span style=\"font-family: 'comic sans ms', sans-serif; color: #800080;\"><strong><span style=\"font-size: 12pt;\">Alt Ba\u015fl\u0131k<\/span><\/strong><\/span><\/td>\n<td style=\"text-align: center; height: 24px; width: 54px;\"><span style=\"font-family: 'comic sans ms', sans-serif; color: #800080;\"><strong><span style=\"font-size: 12pt;\">Soru Say\u0131s\u0131<\/span><\/strong><\/span><\/td>\n<td style=\"text-align: center; height: 24px; width: 75px;\"><span style=\"font-family: 'comic sans ms', sans-serif; color: #800080;\"><strong><span style=\"font-size: 12pt;\">Zorluk Derecesi<\/span><\/strong><\/span><\/td>\n<td style=\"text-align: center; height: 24px; width: 53.5px;\"><span style=\"font-family: 'comic sans ms', sans-serif; color: #800080;\"><strong><span style=\"font-size: 12pt;\">Konu\u00a0D\u00f6k\u00fcman\u0131<\/span><\/strong><\/span><\/td>\n<td style=\"text-align: center; height: 24px; width: 114.5px;\"><span style=\"font-family: 'comic sans ms', sans-serif; color: #800080;\"><strong><span style=\"font-size: 12pt;\">Konu Anlat\u0131m\u0131<\/span><\/strong><\/span><\/td>\n<\/tr>\n<tr style=\"height: 20px;\">\n<td style=\"text-align: center; height: 20px; width: 27px;\"><strong><span style=\"font-size: 12pt;\"><span style=\"color: #800080; font-family: 'comic sans ms', sans-serif;\">1<\/span><\/span><\/strong><\/td>\n<td style=\"height: 20px; text-align: center; width: 98px;\"><span style=\"color: #008000; font-family: 'comic sans ms', sans-serif;\"><b>Say\u0131lar<\/b><\/span><\/td>\n<td style=\"height: 20px; text-align: center; width: 305px;\"><span style=\"color: #008000; font-family: 'comic sans ms', sans-serif; font-size: 12pt;\"><b>Say\u0131larda D\u00f6rt \u0130\u015flem<\/b><\/span><\/td>\n<td style=\"height: 20px; text-align: center; width: 54px;\"><span style=\"color: #008000;\"><strong><span style=\"font-size: 12pt;\"><span style=\"font-family: 'comic sans ms', sans-serif;\">8<\/span><\/span><\/strong><\/span><\/td>\n<td style=\"height: 20px; text-align: center; width: 75px;\"><span style=\"color: #008000;\"><strong><span style=\"font-size: 12pt;\"><span style=\"font-family: 'comic sans ms', sans-serif;\">\u00a0Kolay<\/span><\/span><\/strong><\/span><\/td>\n<td style=\"height: 20px; text-align: center; width: 53.5px;\"><a href=\"http:\/\/matematikchi.net\/klon\/wp-content\/uploads\/2024\/05\/Say\u0131lar-D\u00f6rt-\u0130\u015flem-Sorular\u0131-Test-1-K.pdf\" target=\"_blank\"><span style=\"color: #ffff00;\"><strong><span style=\"font-size: 12pt;\"><span style=\"text-decoration: underline;\">T\u0131kla<\/span><\/span><\/strong><\/span><\/a><\/td>\n<td style=\"height: 20px; text-align: center; width: 114.5px;\"><a href=\"https:\/\/www.youtube.com\/watch?v=PZ9j8tI39Fg\" target=\"_blank\"><span style=\"color: #ffff00;\"><strong><span style=\"text-decoration: underline;\">T\u0131kla<\/span><\/strong><\/span><\/a><\/td>\n<\/tr>\n<tr style=\"height: 24px;\">\n<td style=\"text-align: center; height: 24px; width: 27px;\"><strong><span style=\"font-size: 12pt;\"><span style=\"color: #800080; font-family: 'comic sans ms', sans-serif;\">2<\/span><\/span><\/strong><\/td>\n<td style=\"height: 24px; text-align: center; width: 98px;\"><span style=\"color: #008000;\"><strong><span style=\"font-size: 12pt;\"><span style=\"font-family: 'comic sans ms', sans-serif;\">Say\u0131lar<\/span><\/span><\/strong><\/span><\/td>\n<td style=\"height: 24px; text-align: center; width: 305px;\"><span style=\"font-size: 12pt; color: #008000; font-family: 'comic sans ms', sans-serif;\"><b>Say\u0131larda D\u00f6rt \u0130\u015flem<\/b><\/span><\/td>\n<td style=\"height: 24px; text-align: center; width: 54px;\"><span style=\"color: #008000;\"><strong><span style=\"font-size: 12pt;\"><span style=\"font-family: 'comic sans ms', sans-serif;\">8<\/span><\/span><\/strong><\/span><\/td>\n<td style=\"height: 24px; text-align: center; width: 75px;\"><span style=\"color: #008000;\"><strong><span style=\"font-size: 12pt;\"><span style=\"font-family: 'comic sans ms', sans-serif;\">\u00a0Kolay<\/span><\/span><\/strong><\/span><\/td>\n<td style=\"height: 24px; text-align: center; width: 53.5px;\"><a href=\"http:\/\/matematikchi.net\/klon\/wp-content\/uploads\/2024\/05\/Say\u0131lar-D\u00f6rt-\u0130\u015flem-Sorular\u0131-Test-2-K.pdf\" target=\"_blank\"><span style=\"color: #ffff00;\"><b>T\u0131kla<\/b><\/span><\/a><\/td>\n<td style=\"height: 24px; text-align: center; width: 114.5px;\"><a href=\"https:\/\/www.youtube.com\/watch?v=jYXhU2s5ZYQ\" target=\"_blank\"><span style=\"color: #ffff00;\"><b>T\u0131kla<\/b><\/span><\/a><\/td>\n<\/tr>\n<tr style=\"height: 24px;\">\n<td style=\"text-align: center; height: 24px; width: 27px;\"><strong><span style=\"font-size: 12pt;\"><span style=\"color: #800080; font-family: 'comic sans ms', sans-serif;\">3<\/span><\/span><\/strong><\/td>\n<td style=\"height: 24px; text-align: center; width: 98px;\"><span style=\"color: #008000;\"><strong><span style=\"font-size: 12pt;\"><span style=\"font-family: 'comic sans ms', sans-serif;\">Say\u0131lar<\/span><\/span><\/strong><\/span><\/td>\n<td style=\"height: 24px; text-align: center; width: 305px;\"><span style=\"color: #008000; font-family: 'comic sans ms', sans-serif;\"><b>Say\u0131larda D\u00f6rt \u0130\u015flem<\/b><\/span><\/td>\n<td style=\"height: 24px; text-align: center; width: 54px;\"><span style=\"color: #008000;\"><strong><span style=\"font-size: 12pt;\"><span style=\"font-family: 'comic sans ms', sans-serif;\">8<\/span><\/span><\/strong><\/span><\/td>\n<td style=\"height: 24px; text-align: center; width: 75px;\"><span style=\"color: #008000;\"><strong><span style=\"font-size: 12pt;\"><span style=\"font-family: 'comic sans ms', sans-serif;\">\u00a0Kolay<\/span><\/span><\/strong><\/span><\/td>\n<td style=\"height: 24px; text-align: center; width: 53.5px;\"><a href=\"http:\/\/matematikchi.net\/klon\/wp-content\/uploads\/2024\/05\/Say\u0131lar-D\u00f6rt-\u0130\u015flem-Sorular\u0131-Test-3-K.pdf\" target=\"_blank\"><span style=\"color: #ffff00;\"><b>T\u0131kla<\/b><\/span><\/a><\/td>\n<td style=\"height: 24px; text-align: center; width: 114.5px;\"><a href=\"https:\/\/www.youtube.com\/watch?v=3-FgqL06Tys\" target=\"_blank\"><span style=\"color: #ffff00;\"><b>T\u0131kla<\/b><\/span><\/a><\/td>\n<\/tr>\n<tr style=\"height: 24px;\">\n<td style=\"text-align: center; height: 24px; width: 27px;\"><strong><span style=\"font-size: 12pt;\"><span style=\"color: #800080; font-family: 'comic sans ms', sans-serif;\">4<\/span><\/span><\/strong><\/td>\n<td style=\"height: 24px; text-align: center; width: 98px;\"><span style=\"color: #000080;\"><strong><span style=\"font-size: 12pt;\"><span style=\"font-family: 'comic sans ms', sans-serif;\">Say\u0131lar<\/span><\/span><\/strong><\/span><\/td>\n<td style=\"height: 24px; text-align: center; width: 305px;\"><span style=\"color: #000080;\"><strong><span style=\"font-size: 12pt;\"><span style=\"font-family: 'comic sans ms', sans-serif;\"><b>Say\u0131larda D\u00f6rt \u0130\u015flem<\/b><\/span><\/span><\/strong><\/span><\/td>\n<td style=\"height: 24px; text-align: center; width: 54px;\"><span style=\"color: #000080;\"><strong><span style=\"font-size: 12pt;\"><span style=\"font-family: 'comic sans ms', sans-serif;\">8<\/span><\/span><\/strong><\/span><\/td>\n<td style=\"height: 24px; text-align: center; width: 75px;\"><span style=\"color: #000080;\"><strong><span style=\"font-size: 12pt;\"><span style=\"font-family: 'comic sans ms', sans-serif;\">\u00a0Orta<\/span><\/span><\/strong><\/span><\/td>\n<td style=\"height: 24px; text-align: center; width: 53.5px;\"><a href=\"http:\/\/matematikchi.net\/klon\/wp-content\/uploads\/2024\/05\/Say\u0131lar-D\u00f6rt-\u0130\u015flem-Sorular\u0131-Test-1-O.pdf\" target=\"_blank\"><span style=\"color: #ffff00;\"><strong><span style=\"font-size: 12pt;\"><span style=\"text-decoration: underline;\">T\u0131kla<\/span><\/span><\/strong><\/span><\/a><\/td>\n<td style=\"height: 24px; text-align: center; width: 114.5px;\"><a href=\"https:\/\/www.youtube.com\/watch?v=EvyItgdqsoU\" target=\"_blank\"><span style=\"color: #ffff00;\"><strong><span style=\"text-decoration: underline;\">T\u0131kla<\/span><\/strong><\/span><\/a><\/td>\n<\/tr>\n<tr style=\"height: 24px;\">\n<td style=\"text-align: center; height: 24px; width: 27px;\"><strong><span style=\"font-size: 12pt;\"><span style=\"color: #800080; font-family: 'comic sans ms', sans-serif;\">5<\/span><\/span><\/strong><\/td>\n<td style=\"height: 24px; text-align: center; width: 98px;\"><span style=\"color: #000080;\"><strong><span style=\"font-size: 12pt;\"><span style=\"font-family: 'comic sans ms', sans-serif;\">Say\u0131lar<\/span><\/span><\/strong><\/span><\/td>\n<td style=\"height: 24px; text-align: center; width: 305px;\"><span style=\"color: #000080;\"><strong><span style=\"font-size: 12pt;\"><span style=\"font-family: 'comic sans ms', sans-serif;\"><b>Say\u0131larda D\u00f6rt \u0130\u015flem<\/b><\/span><\/span><\/strong><\/span><\/td>\n<td style=\"height: 24px; text-align: center; width: 54px;\"><span style=\"color: #000080;\"><strong><span style=\"font-size: 12pt;\"><span style=\"font-family: 'comic sans ms', sans-serif;\">8<\/span><\/span><\/strong><\/span><\/td>\n<td style=\"height: 24px; text-align: center; width: 75px;\"><span style=\"color: #000080;\"><strong><span style=\"font-size: 12pt;\"><span style=\"font-family: 'comic sans ms', sans-serif;\">\u00a0Orta<\/span><\/span><\/strong><\/span><\/td>\n<td style=\"height: 24px; text-align: center; width: 53.5px;\"><a href=\"http:\/\/matematikchi.net\/klon\/wp-content\/uploads\/2024\/05\/Say\u0131lar-D\u00f6rt-\u0130\u015flem-Sorular\u0131-Test-2-O.pdf\" target=\"_blank\"><span style=\"color: #ffff00;\"><strong><span style=\"font-size: 12pt;\"><span style=\"text-decoration: underline;\">T\u0131kla<\/span><\/span><\/strong><\/span><\/a><\/td>\n<td style=\"height: 24px; text-align: center; width: 114.5px;\"><a href=\"https:\/\/www.youtube.com\/watch?v=IbFgk1cW0Nc\" target=\"_blank\"><span style=\"color: #ffff00;\"><strong><span style=\"text-decoration: underline;\">T\u0131kla<\/span><\/strong><\/span><\/a><\/td>\n<\/tr>\n<tr style=\"height: 24px;\">\n<td style=\"text-align: center; height: 24px; width: 27px;\"><strong><span style=\"font-size: 12pt;\"><span style=\"color: #800080; font-family: 'comic sans ms', sans-serif;\">6<\/span><\/span><\/strong><\/td>\n<td style=\"height: 24px; text-align: center; width: 98px;\"><span style=\"color: #000080;\"><strong><span style=\"font-size: 12pt;\"><span style=\"font-family: 'comic sans ms', sans-serif;\">Say\u0131lar<\/span><\/span><\/strong><\/span><\/td>\n<td style=\"height: 24px; text-align: center; width: 305px;\"><span style=\"color: #000080;\"><strong><span style=\"font-size: 12pt;\"><span style=\"font-family: 'comic sans ms', sans-serif;\"><b>Say\u0131larda D\u00f6rt \u0130\u015flem<\/b><\/span><\/span><\/strong><\/span><\/td>\n<td style=\"height: 24px; text-align: center; width: 54px;\"><span style=\"color: #000080;\"><strong><span style=\"font-size: 12pt;\"><span style=\"font-family: 'comic sans ms', sans-serif;\">8<\/span><\/span><\/strong><\/span><\/td>\n<td style=\"height: 24px; text-align: center; width: 75px;\"><span style=\"color: #000080;\"><strong><span style=\"font-size: 12pt;\"><span style=\"font-family: 'comic sans ms', sans-serif;\">\u00a0Orta<\/span><\/span><\/strong><\/span><\/td>\n<td style=\"height: 24px; text-align: center; width: 53.5px;\"><a href=\"http:\/\/matematikchi.net\/klon\/wp-content\/uploads\/2024\/05\/Say\u0131lar-D\u00f6rt-\u0130\u015flem-Sorular\u0131-Test-3-O.pdf\" target=\"_blank\"><span style=\"color: #ffff00;\"><strong><span style=\"font-size: 12pt;\"><span style=\"text-decoration: underline;\">T\u0131kla<\/span><\/span><\/strong><\/span><\/a><\/td>\n<td style=\"height: 24px; text-align: center; width: 114.5px;\"><a href=\"https:\/\/www.youtube.com\/watch?v=OR7zHwunXvY\" target=\"_blank\"><span style=\"color: #ffff00;\"><strong><span style=\"text-decoration: underline;\">T\u0131kla<\/span><\/strong><\/span><\/a><\/td>\n<\/tr>\n<tr style=\"height: 24px;\">\n<td style=\"text-align: center; height: 24px; width: 27px;\"><strong><span style=\"font-size: 12pt;\"><span style=\"color: #800080; font-family: 'comic sans ms', sans-serif;\">7<\/span><\/span><\/strong><\/td>\n<td style=\"height: 24px; text-align: center; width: 98px;\"><span style=\"color: #ff0000;\"><strong><span style=\"font-size: 12pt;\"><span style=\"font-family: 'comic sans ms', sans-serif;\">Say\u0131lar<\/span><\/span><\/strong><\/span><\/td>\n<td style=\"height: 24px; text-align: center; width: 305px;\"><span style=\"color: #ff0000;\"><strong><span style=\"font-size: 12pt;\"><span style=\"font-family: 'comic sans ms', sans-serif;\"><b>Say\u0131larda D\u00f6rt \u0130\u015flem<\/b><\/span><\/span><\/strong><\/span><\/td>\n<td style=\"height: 24px; text-align: center; width: 54px;\"><span style=\"color: #ff0000; font-family: 'comic sans ms', sans-serif;\"><strong><span style=\"font-size: 12pt;\"><span style=\"font-family: 'comic sans ms', sans-serif;\">8<\/span><\/span><\/strong><\/span><\/td>\n<td style=\"height: 24px; width: 75px; text-align: center;\"><span style=\"color: #ff0000;\"><strong><span style=\"font-size: 12pt;\"><span style=\"font-family: 'comic sans ms', sans-serif;\">\u00a0Zor<\/span><\/span><\/strong><\/span><\/td>\n<td style=\"height: 24px; width: 53.5px; text-align: center;\"><a href=\"http:\/\/matematikchi.net\/klon\/wp-content\/uploads\/2024\/05\/Say\u0131lar-D\u00f6rt-\u0130\u015flem-Sorular\u0131-Test-1-Z.pdf\" target=\"_blank\"><span style=\"color: #ffff00;\"><b>T\u0131kla<\/b><\/span><\/a><\/td>\n<td style=\"height: 24px; width: 114.5px; text-align: center;\"><a href=\"https:\/\/www.youtube.com\/watch?v=i3ZASLQAyY0\" target=\"_blank\"><span style=\"color: #ffff00;\"><b>T\u0131kla<\/b><\/span><\/a><\/td>\n<\/tr>\n<tr style=\"height: 24px;\">\n<td style=\"text-align: center; height: 24px; width: 27px;\"><strong><span style=\"font-size: 12pt;\"><span style=\"color: #800080; font-family: 'comic sans ms', sans-serif;\">8<\/span><\/span><\/strong><\/td>\n<td style=\"height: 24px; text-align: center; width: 98px;\"><span style=\"color: #ff0000;\"><strong><span style=\"font-size: 12pt;\"><span style=\"font-family: 'comic sans ms', sans-serif;\">Say\u0131lar<\/span><\/span><\/strong><\/span><\/td>\n<td style=\"height: 24px; text-align: center; width: 305px;\"><span style=\"color: #ff0000;\"><strong><span style=\"font-size: 12pt;\"><span style=\"font-family: 'comic sans ms', sans-serif;\"><b>Say\u0131larda D\u00f6rt \u0130\u015flem<\/b><\/span><\/span><\/strong><\/span><\/td>\n<td style=\"height: 24px; text-align: center; width: 54px;\"><span style=\"color: #ff0000; font-family: 'comic sans ms', sans-serif;\"><b>8<\/b><\/span><\/td>\n<td style=\"height: 24px; text-align: center; width: 75px;\"><span style=\"color: #ff0000;\"><strong><span style=\"font-size: 12pt;\"><span style=\"font-family: 'comic sans ms', sans-serif;\">\u00a0Zor<\/span><\/span><\/strong><\/span><\/td>\n<td style=\"height: 24px; width: 53.5px; text-align: center;\"><a href=\"http:\/\/matematikchi.net\/klon\/wp-content\/uploads\/2024\/05\/Say\u0131lar-D\u00f6rt-\u0130\u015flem-Sorular\u0131-Test-2-Z.pdf\" target=\"_blank\"><span style=\"color: #ffff00;\"><b>T\u0131kla<\/b><\/span><\/a><\/td>\n<td style=\"height: 24px; width: 114.5px; text-align: center;\"><a href=\"https:\/\/www.youtube.com\/watch?v=QUv5QKkHau0\" target=\"_blank\"><span style=\"color: #ffff00;\"><strong><span style=\"font-size: 12pt;\">T\u0131kla<\/span><\/strong><\/span><\/a><\/td>\n<\/tr>\n<tr style=\"height: 24px;\">\n<td style=\"text-align: center; height: 24px; width: 27px;\"><strong><span style=\"font-size: 12pt;\"><span style=\"color: #800080; font-family: 'comic sans ms', sans-serif;\">9<\/span><\/span><\/strong><\/td>\n<td style=\"height: 24px; text-align: center; width: 98px;\"><span style=\"color: #ff0000;\"><strong><span style=\"font-size: 12pt;\"><span style=\"font-family: 'comic sans ms', sans-serif;\">Say\u0131lar<\/span><\/span><\/strong><\/span><\/td>\n<td style=\"height: 24px; text-align: center; width: 305px;\"><span style=\"color: #ff0000;\"><strong><span style=\"font-size: 12pt;\"><span style=\"font-family: 'comic sans ms', sans-serif;\"><b>Say\u0131larda D\u00f6rt \u0130\u015flem<\/b><\/span><\/span><\/strong><\/span><\/td>\n<td style=\"height: 24px; text-align: center; width: 54px;\"><span style=\"color: #ff0000; font-family: 'comic sans ms', sans-serif;\"><b>8<\/b><\/span><\/td>\n<td style=\"height: 24px; text-align: center; width: 75px;\"><span style=\"color: #ff0000;\"><strong><span style=\"font-size: 12pt;\"><span style=\"font-family: 'comic sans ms', sans-serif;\">\u00a0Zor<\/span><\/span><\/strong><\/span><\/td>\n<td style=\"height: 24px; width: 53.5px; text-align: center;\"><a href=\"http:\/\/matematikchi.net\/klon\/wp-content\/uploads\/2024\/05\/Say\u0131lar-D\u00f6rt-\u0130\u015flem-Sorular\u0131-Test-3-Z.pdf\" target=\"_blank\"><span style=\"color: #ffff00;\"><b>T\u0131kla<\/b><\/span><\/a><\/td>\n<td style=\"height: 24px; width: 114.5px; text-align: center;\"><a href=\"https:\/\/www.youtube.com\/watch?v=ZOgGqEdEGss\" target=\"_blank\"><span style=\"color: #ffff00;\"><b>T\u0131kla<\/b><\/span><\/a><\/td>\n<\/tr>\n<\/tbody>\n<\/table>\n<ul>\n<li><strong>\u0130stedi\u011finiz test i\u00e7in tablo da sa\u011f tarafta \u00a0<span style=\"color: #800080;\">&#8221;\u00a0<span style=\"text-decoration: underline;\">Test<\/span>\u00a0&#8220;<\/span>\u00a0 ba\u015fl\u0131\u011f\u0131n\u0131n alt\u0131nda ki \u00a0<span style=\"color: #ff0000;\"><span style=\"color: #ffff00;\">&#8221; T\u0131kla &#8220;<\/span>\u00a0<\/span>\u00a0yaz\u0131l\u0131 yere t\u0131klay\u0131n\u0131z.<\/strong><\/li>\n<\/ul>\n<ul>\n<li><strong>\u00a0Testin \u00e7\u00f6z\u00fcmleri i\u00e7in tablo da sa\u011f tarafta\u00a0<span style=\"color: #800080;\">&#8221;\u00a0<span style=\"text-decoration: underline;\">\u00c7\u00f6z\u00fcm<\/span>\u00a0&#8221;\u00a0<\/span>\u00a0ba\u015fl\u0131\u011f\u0131n\u0131n alt\u0131nda ki\u00a0<span style=\"color: #ff6600;\">\u00a0<span style=\"color: #ffff00;\">&#8221; T\u0131kla\u00a0&#8220;<\/span><\/span><span style=\"color: #ff0000;\">\u00a0<\/span>\u00a0yaz\u0131l\u0131 yere t\u0131klay\u0131n\u0131z.\u00a0<\/strong><\/li>\n<\/ul>\n","protected":false},"excerpt":{"rendered":"<p>\u00a0\u00a0Kim Ne Yapmal\u0131: Matemati\u011fim pek de iyi de\u011fil diyenler : Konu testlerinden zorluk derecesi\u00a0Kolay\u00a0olan testlerden \u00e7\u00f6z. \u0130yi hissedersen\u00a0Orta\u00a0testlere ge\u00e7. Yapamad\u0131\u011f\u0131n [&hellip;]<\/p>\n","protected":false},"author":1,"featured_media":0,"parent":0,"menu_order":0,"comment_status":"closed","ping_status":"closed","template":"","meta":{"site-sidebar-layout":"default","site-content-layout":"","ast-site-content-layout":"default","site-content-style":"default","site-sidebar-style":"default","ast-global-header-display":"","ast-banner-title-visibility":"","ast-main-header-display":"","ast-hfb-above-header-display":"","ast-hfb-below-header-display":"","ast-hfb-mobile-header-display":"","site-post-title":"","ast-breadcrumbs-content":"","ast-featured-img":"","footer-sml-layout":"","theme-transparent-header-meta":"","adv-header-id-meta":"","stick-header-meta":"","header-above-stick-meta":"","header-main-stick-meta":"","header-below-stick-meta":"","astra-migrate-meta-layouts":"default","ast-page-background-enabled":"default","ast-page-background-meta":{"desktop":{"background-color":"var(--ast-global-color-5)","background-image":"","background-repeat":"repeat","background-position":"center center","background-size":"auto","background-attachment":"scroll","background-type":"","background-media":"","overlay-type":"","overlay-color":"","overlay-opacity":"","overlay-gradient":""},"tablet":{"background-color":"","background-image":"","background-repeat":"repeat","background-position":"center center","background-size":"auto","background-attachment":"scroll","background-type":"","background-media":"","overlay-type":"","overlay-color":"","overlay-opacity":"","overlay-gradient":""},"mobile":{"background-color":"","background-image":"","background-repeat":"repeat","background-position":"center center","background-size":"auto","background-attachment":"scroll","background-type":"","background-media":"","overlay-type":"","overlay-color":"","overlay-opacity":"","overlay-gradient":""}},"ast-content-background-meta":{"desktop":{"background-color":"var(--ast-global-color-4)","background-image":"","background-repeat":"repeat","background-position":"center center","background-size":"auto","background-attachment":"scroll","background-type":"","background-media":"","overlay-type":"","overlay-color":"","overlay-opacity":"","overlay-gradient":""},"tablet":{"background-color":"var(--ast-global-color-4)","background-image":"","background-repeat":"repeat","background-position":"center center","background-size":"auto","background-attachment":"scroll","background-type":"","background-media":"","overlay-type":"","overlay-color":"","overlay-opacity":"","overlay-gradient":""},"mobile":{"background-color":"var(--ast-global-color-4)","background-image":"","background-repeat":"repeat","background-position":"center center","background-size":"auto","background-attachment":"scroll","background-type":"","background-media":"","overlay-type":"","overlay-color":"","overlay-opacity":"","overlay-gradient":""}},"footnotes":""},"class_list":["post-963","page","type-page","status-publish","hentry"],"_links":{"self":[{"href":"https:\/\/matematikchi.net\/klon\/wp-json\/wp\/v2\/pages\/963","targetHints":{"allow":["GET"]}}],"collection":[{"href":"https:\/\/matematikchi.net\/klon\/wp-json\/wp\/v2\/pages"}],"about":[{"href":"https:\/\/matematikchi.net\/klon\/wp-json\/wp\/v2\/types\/page"}],"author":[{"embeddable":true,"href":"https:\/\/matematikchi.net\/klon\/wp-json\/wp\/v2\/users\/1"}],"replies":[{"embeddable":true,"href":"https:\/\/matematikchi.net\/klon\/wp-json\/wp\/v2\/comments?post=963"}],"version-history":[{"count":1,"href":"https:\/\/matematikchi.net\/klon\/wp-json\/wp\/v2\/pages\/963\/revisions"}],"predecessor-version":[{"id":7128,"href":"https:\/\/matematikchi.net\/klon\/wp-json\/wp\/v2\/pages\/963\/revisions\/7128"}],"wp:attachment":[{"href":"https:\/\/matematikchi.net\/klon\/wp-json\/wp\/v2\/media?parent=963"}],"curies":[{"name":"wp","href":"https:\/\/api.w.org\/{rel}","templated":true}]}}